atest common factor of 5 and m?
5
Suppose 6 = g + g. Suppose -g*k = -k - 34. Let t = 234 + -81. What is the greatest common factor of k and t?
17
Let k(z) = -z - 1. Suppose -2*o + 8 = -0, m - 2*o + 14 = 0. Let w be k(m). Let y be (-2)/2*(w - 159). Calculate the greatest common factor of y and 14.
14
Let n(p) = -p**3 - 6*p**2 + 7*p + 11. Let a be n(-7). Calculate the greatest common factor of 66 and a.
11
Suppose 17*o = 9*o + 160. Calculate the highest common factor of o and 70.
10
Let r = 859 + -769. Suppose c = -5 + 8. Suppose -c*w + 20 = -w. Calculate the greatest common divisor of w and r.
10
Let i(d) = -d**3 + 4*d**2 + 8*d - 4. Let k be i(5). What is the greatest common factor of 33 and k?
11
Suppose 0 = 2*a - a - 121. Let g(t) = -2*t - 3. Let u be g(-7). Calculate the greatest common divisor of a and u.
11
Let h = 15 + 11. Let g = h - 12. What is the greatest common factor of g and 42?
14
Let f = 12 + -14. Let t be 23 + f*3/6. Calculate the highest common divisor of 2 and t.
2
Let z = 10 - 0. Let b be 2*(68/(-8) - -3). Let o = b - -13. What is the greatest common factor of z and o?
2
Let h = -15 + 25. What is the highest common factor of 2 and h?
2
Let l(c) = c**3 - 4*c**2 - 4*c - 1. Let k be l(5). Suppose 3*v + 48 = k*v. What is the highest common factor of 16 and v?
16
Suppose -5*i = -5, l + 28 = 4*l - 2*i. Let u = 14 - l. What is the greatest common divisor of 36 and u?
4
Suppose 2*b - 20 = -4. Let q be -10*2*4/(-5). Calculate the highest common divisor of b and q.
8
Suppose -78 + 30 = -4*f + 4*x, 4*f = -3*x + 20. Calculate the greatest common factor of 68 and f.
4
Let k be (0 + -4)*82/(-8). What is the highest common factor of k and 205?
41
Let g = -36 - -13. Let d = -15 - g. What is the greatest common factor of d and 8?
8
Let b = -3 + 8. Suppose -4*o - 27 = 5*w - 121, -b*o + 5 = 0. Let p(j) = -2*j. Let u be p(-1). What is the greatest common factor of u and w?
2
Let m = 15 - 14. Let v be m/1 + 72/12. What is the highest common factor of v and 14?
7
Let g(h) = 2*h**3 - h**2 - 3*h + 2. Let z be g(2). Suppose -3*c - 13 = -4*p, 3*c - z = -p - 1. Let r = p - -4. What is the highest common factor of r and 8?
8
Let p(v) = v**2 - 3*v - 18. Let d be p(9). What is the highest common divisor of 48 and d?
12
Suppose -3*c = 2*q, 3*c - 2*c - 3*q - 11 = 0. Calculate the highest common divisor of 22 and c.
2
Suppose 2*h - 5 = h. Suppose -3*a + 37 = -h. What is the highest common factor of 112 and a?
14
Let t be 5/10 - (-10)/4. Let r be ((-9)/6)/(t/(-16)). Suppose 5*v = d - 2*d - r, -5*v + 16 = 3*d. What is the greatest common factor of 24 and d?
12
Let k be ((-12)/30)/((-2 + 0)/120). Calculate the highest common divisor of 132 and k.
12
Let f be (-1)/(((-3)/1)/(-15)). Let s be (f + (-2 - -4))*-1. What is the highest common factor of s and 2?
1
Let r be 6/(9/(108/8)). What is the greatest common divisor of r and 72?
9
Suppose 0 = 5*h + 10, -5*h - 12 = -5*a - 4*h. Calculate the highest common divisor of 16 and a.
2
Let l = -132 - -42. Let z be -8 - -5 - (-1 + l). What is the greatest common divisor of z and 11?
11
Let h = 25 + -12. Let n = h + 8. What is the highest common factor of n and 105?
21
Let z be ((-18)/(-8))/((-1)/(-40)). Let l = -1 - -6. Let i be 12 - l/((-10)/(-4)). What is the highest common divisor of i and z?
10
Let c = 127 - 72. Calculate the highest common divisor of 22 and c.
11
Suppose 5 + 19 = 4*y. Let j be (-3)/(y/28*-2). What is the greatest common divisor of 1 and j?
1
Let w(k) = -3*k + 9. Let a be w(-7). Calculate the highest common divisor of a and 10.
10
Let a = -5 - -5. Let c be a + (1 + -22)/(-3). Let q be 22*1 + (3 - 4). Calculate the greatest common divisor of c and q.
7
Let x = -15 + 169. Let c = 41 - 27. What is the highest common factor of x and c?
14
Let v(x) = x**2 + x - 7. Let k be v(7). Let q be ((-84)/k)/(4/(-42)). What is the highest common factor of q and 6?
6
Suppose 15*i - 345 = 12*i. Calculate the highest common factor of i and 23.
23
Suppose -4*t = 1 - 9. Suppose -6*u + 2*u = -p - 17, 0 = t*u - p - 9. Let c = 4 + u. What is the greatest common divisor of c and 2?
2
Let i be (4/2)/(4/34). What is the highest common divisor of i and 136?
17
Let i = 77 - 52. Calculate the greatest common divisor of i and 275.
25
Suppose 0 = -4*w - 1 - 3, 481 = 3*t + 5*w. Let x be ((-1)/(-2))/(3/72). Let f be 6/x - 70/(-4). What is the greatest common divisor of t and f?
18
Let g = -42 + -120. Let d be g/(-15)*20/3. What is the greatest common divisor of d and 18?
18
Let d be (-1 + -7)/2 + 21 + 28. What is the greatest common divisor of d and 27?
9
Suppose 0*j = 2*j - 200. Suppose -j = 2*v - 3*v. Suppose -2*g - 2*g + 40 = 0. What is the greatest common divisor of g and v?
10
Suppose 5*m = -d + 27, -3*d + 0*m - 2*m = -68. Let i(a) = 12*a - 5. Let z be i(5). Calculate the greatest common factor of z and d.
11
Let b be (-18)/(-4)*((-24)/(-9))/1. Calculate the greatest common factor of 18 and b.
6
Let v be -22*(7/(14/(-4)) - -1). What is the greatest common factor of 2 and v?
2
Suppose 4*p - 7 = 5. Suppose -2*a - 7 = -k + p*a, -k + 3*a = -9. What is the greatest common factor of k and 48?
12
Let u(h) = -h**3 - 5*h**2 + 5*h - 2. Let i be u(-6). What is the highest common factor of 12 and i?
4
Let u be 49 + 0 - 1*-1. Suppose -3*i + 35 = 2*x, -2*i - i = -5*x + 140. What is the highest common factor of x and u?
25
Suppose -6*f + 45 = -f. What is the greatest common divisor of f and 45?
9
Suppose -135 = -2*r + 69. Let v = r + -30. What is the greatest common factor of 8 and v?
8
Suppose 0 = 8*h - 0*h - 112. Suppose h = -4*q + 110. Let o be (-4)/(-10) - (-114)/15. What is the highest common divisor of o and q?
8
Suppose 3*u - 3*x = 28 - 7, 5*x = -15. Let p(f) = f - 2. Let y be p(2). Let g(c) = -c + 8. Let j be g(y). Calculate the highest common factor of j and u.
4
Suppose 0 = -4*k + k + 36. What is the greatest common factor of k and 132?
12
Suppose q = -1, 5*q = 3*x - 34 - 1. Let s(c) = c**2 + 5*c - 4. Let o be s(-6). Let v be 1*x - 0/o. What is the greatest common factor of v and 30?
10
Let k(r) = 4*r - 16. Let g be k(9). What is the highest common factor of g and 160?
20
Let y = -27 + 35. What is the highest common divisor of y and 8?
8
Let p(n) = -3*n + 6. Let y be p(-2). What is the highest common factor of 6 and y?
6
Let m = 4 - 1. What is the highest common divisor of m and 33?
3
Let q(z) = z**3 - 5*z**2 + 4*z - 5. Let l be q(5). Suppose 3*y + l = -0*y. Let o be (6/10)/((-1)/y). Calculate the highest common factor of o and 1.
1
Let y(j) = 19*j**2 - j - 2. Let n be y(2). What is the highest common factor of n and 108?
36
Let o(d) = 9*d**3 + d**2 + 5*d - 2. Let h be o(2). What is the greatest common factor of 36 and h?
12
Let l(g) = -2*g**3 - 5*g - 2 - 2*g**2 + 8*g + 4. Let z be l(-2). Let r be (-15)/(-10)*(-16)/(-6). Calculate the highest common divisor of z and r.
4
Let k be 2*-1*10/(-4). Let q = 10 + -10. Let h be q + ((-9)/(-3) - 2). Calculate the greatest common factor of k and h.
1
Let v(n) be the first derivative of n**3/3 + n**2 + 39*n + 7. Let r be v(0). What is the highest common factor of 13 and r?
13
Let p(s) = s**3 + 2*s**2 - 5*s - 2. Let q be p(-3). Calculate the greatest common divisor of 6 and q.
2
Let f = 7 - 3. Let n be (1458/12)/(2/f). Suppose 0 = -4*w + 4, 4*p + 3*w - n = -p. What is the highest common factor of 12 and p?
12
Let r be 5/(-10) + (-5)/(-2). Suppose r*m = m - 2. Let w be (6 - m) + -2*1. Calculate the highest common divisor of w and 18.
6
Suppose -4 = -j + 1. Let t = 8 + 17. Calculate the highest common factor of j and t.
5
Let a(w) = w**3 + 10*w**2 - w + 16. Let m be a(-10). Let b = -9 + 22. What is the highest common factor of m and b?
13
Suppose -q + 4*q = -45. Let h be 65/q - 1/(-3). Let p be h/14 + (-1398)/(-42). What is the highest common factor of p and 3?
3
Let h be (-696)/(-9)*21/2. Suppose -3*u + 2*x + 565 = 0, 5*u - 115 = -4*x + h. Calculate the highest common factor of u and 17.
17
Suppose -p - 2*o + 1 = -0*o, -2*o = 2*p - 8. What is the highest common divisor of 7 and p?
7
Suppose 0 = 3*r + 2*v + 2*v + 394, 5*r - v = -626. Let f = 69 - r. Let l = -139 + f. Calculate the highest common factor of l and 7.
7
Suppose d = -3*d + 20, -4*d = z - 65. What is the greatest common factor of 15